*2 + 487*y + 73. Determine j(35).
1193
Let q(u) = 416*u**2 + 2509*u - 7535. Calculate q(3).
3736
Let i(v) = -3*v**2 + 276*v + 3914. Determine i(-15).
-901
Let v(n) = 66*n**2 - 2651*n + 69. Calculate v(40).
-371
Let r(m) = -2097*m - 77580. What is r(-37)?
9
Let i(y) = y**3 - 27*y**2 - 613*y - 5. Determine i(42).
709
Let z(y) = 8*y**3 + 42*y**2 + 45*y + 111. What is z(-6)?
-375
Let h(c) = 765*c + 302628. Calculate h(-396).
-312
Let k(s) = 474*s + 63990. Calculate k(-135).
0
Let v(s) = -3295*s + 2131865. Give v(647).
0
Let d(x) = 12*x**2 + 371*x - 2159. Calculate d(6).
499
Let w(t) = 24*t**2 + 149*t + 325. What is w(-9)?
928
Let d(l) = 37201*l + 409205. What is d(-11)?
-6
Let n(b) = 2256*b + 10679. Give n(-5).
-601
Let v(o) = -o**3 + 89*o**2 + 113*o - 2333. Calculate v(90).
-263
Let t(i) = 55*i**2 + 4718*i + 3653. Calculate t(-85).
-2
Let k(x) = x**3 - 21*x**2 + 52*x - 555. Determine k(20).
85
Let a(u) = -1361*u - 138813. Calculate a(-102).
9
Let v(q) = 6*q**3 - 55*q**2 - 326*q + 1834. Determine v(6).
-806
Let x(h) = -184*h - 2200. Give x(-20).
1480
Let k(r) = -3*r**3 - 40*r**2 - 87*r + 319. Give k(-7).
-3
Let s(u) = -3*u**2 + 306*u - 2510. Give s(9).
1
Let f(r) = -2*r**3 + 8*r**2 + 19562*r - 78243. Calculate f(4).
5
Let y(f) = -91*f**3 + 28*f**2 - 8*f - 19. Give y(1).
-90
Let t(f) = -3*f**2 + 12380*f + 61994. Give t(-5).
19
Let a(o) = 2*o**3 - 43*o**2 + 179*o + 194. What is a(15)?
-46
Let a(s) = s**2 - 6005*s + 95868. Give a(16).
44
Let u(l) = l**3 + 45*l**2 - 110*l - 41. Calculate u(11).
5525
Let h(w) = -32*w**2 - 18482*w + 8087. Give h(-578).
-5
Let u(g) = 34*g**2 - 1023*g + 6832. What is u(20)?
-28
Let m(t) = -t**3 - 602*t**2 - 81952*t. Give m(-394).
0
Let r(d) = -2253*d + 2539228. Give r(1127).
97
Let m(s) = 2*s**3 - 57*s**2 + 247*s - 7956. Calculate m(29).
48
Let g(i) = 444503*i - 3. Calculate g(0).
-3
Let o(z) = -25*z**3 + 37*z**2 + 176*z - 38. Give o(-4).
1450
Let p(a) = 11669*a + 58324. Give p(-5).
-21
Let j(a) = 2264*a + 29153. Give j(-13).
-279
Let z(r) = 4*r**2 - 2251*r - 95580. Determine z(-40).
860
Let y(b) = -b**3 + 28*b**2 - 108*b - 63. Give y(10).
657
Let w(z) = -16*z**2 - 415*z - 5064. Give w(-12).
-2388
Let u(z) = -12784*z + 51002. Give u(4).
-134
Let q(b) = -b**3 + 52*b**2 - 613*b - 558. Determine q(33).
-96
Let x(r) = -6*r**3 + 115*r**2 - 54*r + 793. Calculate x(19).
128
Let x(g) = g**3 + 90*g**2 + 103*g + 9234. Determine x(-90).
-36
Let d(m) = -m**3 - 20*m**2 + 162*m + 493. Calculate d(-25).
-432
Let u(l) = 2775*l + 8296. Give u(-3).
-29
Let u(b) = -9*b**2 - 9*b + 7. Calculate u(5).
-263
Let m(x) = 13*x**2 - 169*x + 266. Calculate m(12).
110
Let y(w) = 81*w - 6669. What is y(83)?
54
Let d(o) = o**3 - 63*o**2 + 46*o + 4543. Give d(61).
-93
Let p(g) = 130*g - 18429. Give p(143).
161
Let g(c) = 3*c**2 - 2190*c - 42693. Calculate g(-19).
0
Let i(o) = -2*o**3 - 64*o**2 + 9*o + 144. Calculate i(-32).
-144
Let r(z) = -1872*z + 97250. Give r(52).
-94
Let p(o) = -325*o**2 - 4577*o - 343. Determine p(-14).
35
Let b(h) = -82*h**2 + 19844*h + 243. Calculate b(242).
243
Let b(r) = 341351*r - 1024058. Calculate b(3).
-5
Let a(b) = 13278*b + 982597. Calculate a(-74).
25
Let a(h) = 706*h - 33931. Calculate a(48).
-43
Let k(a) = 1960*a + 15650. Give k(-8).
-30
Let a(v) = -v**3 - 10*v**2 + 168*v + 37. Calculate a(-18).
-395
Let l(r) = 57*r**3 + 12*r**2 - 1281*r - 2604. Give l(-2).
-450
Let y(v) = 8*v**2 - 690*v - 3517. Determine y(81).
-6919
Let c(r) = 9*r**2 + 197*r - 1560. Determine c(8).
592
Let y(g) = g**3 - 437*g**2 + 3640*g - 89209. Give y(429).
23
Let l(s) = -5*s**2 - 40*s + 252. Calculate l(-16).
-388
Let t(w) = 31*w**2 - 506*w - 35. Calculate t(15).
-650
Let k(m) = -52*m**2 + 3671*m + 15582. Determine k(-4).
66
Let z(w) = -4*w**3 + 689*w**2 - 173*w + 439. Calculate z(172).
267
Let r(d) = 6*d**2 + 1137*d - 7655. What is r(-196)?
-11
Let v(t) = -29*t**3 + 328*t**2 - 14*t - 932. Give v(11).
3
Let b(l) = -52447*l - 367140. Determine b(-7).
-11
Let t(v) = 2*v**2 + 8540*v + 144569. Give t(-17).
-33
Let o(k) = 4*k**3 + 74*k**2 - 85*k - 873. Give o(-19).
20
Let v(p) = 102*p**3 - 41518*p**2 + 1632*p - 1626. What is v(407)?
2
Let b(x) = x**3 + 208*x**2 + 373*x + 77655. Calculate b(-208).
71
Let g(j) = -j**3 + 39*j**2 + 54*j - 4736. Determine g(37).
0
Let i(u) = 3*u**2 + 3831*u - 19205. Calculate i(5).
25
Let q(i) = -18248*i + 237368. Determine q(13).
144
Let l(t) = 854*t + 166528. What is l(-195)?
-2
Let d(u) = -2*u**3 - 348*u**2 - 1459*u - 16831. Calculate d(-170).
-1
Let w(j) = -11933*j - 9701551. Calculate w(-813).
-22
Let k(n) = -n**2 - 2462*n - 21997. Determine k(-9).
80
Let g(k) = -2*k**3 + 922*k**2 - 13368*k - 5328. Give g(446).
24
Let v(s) = -2*s**3 - 43*s**2 - 168*s + 708. Calculate v(-13).
19
Let v(o) = -o**3 + 9*o**2 + 232*o - 3647. Give v(21).
-4067
Let p(j) = -j**3 - 279*j**2 + 2584*j - 2368. What is p(-288)?
-64
Let s(q) = -1520*q**2 - 892239*q + 610. Calculate s(-587).
23
Let v(d) = -49*d**2 + 1070*d - 33. Give v(22).
-209
Let m(s) = -16*s**3 + 355*s**2 - 327*s + 5742. What is m(22)?
0
Let c(j) = -6*j**3 + 1680*j**2 + 140*j - 39183. Calculate c(280).
17
Let l(j) = j**3 - 469*j**2 - 2874*j - 150. Calculate l(-6).
-6
Let l(o) = -o**3 - 34*o**2 - 45*o + 87. Give l(-31).
-1401
Let s(r) = 435*r**3 - 13*r**2 + 90*r - 76. Determine s(1).
436
Let w(k) = 5374*k - 230638. What is w(43)?
444
Let t(y) = -2*y**3 + 79*y**2 + 658*y + 10. Give t(46).
2770
Let r(q) = q**2 + 3387*q + 67338. Determine r(-20).
-2
Let a(r) = -2*r**3 - 115*r**2 + 1586*r + 93643. Determine a(-57).
-8
Let l(s) = -456576*s - 4109155. Give l(-9).
29
Let n(h) = 2*h**2 + 181*h - 7571. Give n(-122).
115
Let j(q) = 2*q**3 - 71*q**2 + 119*q - 216. What is j(34)?
362
Let f(r) = -368*r**2 + 10858*r + 5465. Give f(30).
5
Let z(r) = r**3 - 26*r**2 - 541*r + 14150. Give z(25).
0
Let z(i) = -67*i**2 - 10866*i - 12719. Calculate z(-161).
0
Let p(n) = 71*n**3 - 374*n**2 - 299*n - 42. Give p(6).
36
Let d(x) = 203*x - 13413. Calculate d(43).
-4684
Let a(g) = 2*g**3 + 144*g**2 + 5684*g + 478207. Determine a(-76).
15
Let p(h) = 22002*h + 5720529. Calculate p(-260).
9
Let z(j) = -2357*j - 4139. What is z(-2)?
575
Let b(j) = -j**2 - 18*j - 79. Determine b(-7).
-2
Let n(r) = 151*r - 505. Calculate n(8).
703
Let f(x) = x**3 - 57*x**2 + 638*x + 66. Determine f(42).
402
Let d(a) = -2*a**2 - 239*a - 4415. Determine d(-94).
379
Let x(k) = -k**3 + 23*k**2 - 5135*k + 141571. Give x(27).
10
Let p(b) = -191867*b - 2686125. Give p(-14).
13
Let r(x) = 46*x**2 - 13729*x - 68680. Give r(-5).
1115
Let a(z) = -8*z**2 - 63*z + 39. Give a(-8).
31
Let h(m) = -m**2 + 43*m - 454. What is h(37)?
-232
Let w(k) = k**2 + 40*k - 5836. Determine w(-103).
653
Let r(z) = -2*z**2 + 340*z - 8691. What is r(29)?
-513
Let u(m) = -m**3 - 41*m**2 + 34*m + 426. Calculate u(-3).
-18
Let p(n) = 2*n**2 - 5*n - 193. Determine p(-9).
14
Let d(o) = 104*o - 12597. What is d(119)?
-221
Let s(m) = 5*m**3 + 61*m**2 + 4054*m + 48492. Give s(-12).
-12
Let l(b) = -234*b - 1665. Give l(-10).
675
Let j(l) = 2*l**2 + 112*l + 1261. Give j(-45).
271
Let w(t) = 59*t - 13545. Give w(229).
-34
Let f(r) = -148526*r + 24358258. What is f(164)?
-6
Let v(w) = -w**2 - 81*w - 1043. Give v(-34).
555
Let q(l) = 35811*l + 6410156. Determine q(-179).
-13
Let s(l) = -4*l**2 + 63*l - 498. Calculate s(6).
-264
Let i(y) = 584108*y**2 + 5256967*y - 3. Give i(-9).
42
Let j(q) = -11*q**3 + 2764*q**2 + 4817*q - 2535. What is j(253)?
-5
Let f(j) = 4*j**3 - 47*j**2 + 111*j - 170. Determine f(9).
-62
Let w(v) = 53*v**2 - 1417*v - 76. What is w(27)?
302
Let c(d) = 796*d**3 + 2386*d**2 + 30*d + 94. Calculate c(-3).
-14
Let c(l) = -10*l**3 + 1001*l**2 - 80*l + 197. Calculate c(100).
2197
Let q(k) = -3727*k + 14900. Determine q(4).
-8
Let t(j) = -5*j**3 - 23*j**2 - 54*j + 12. Calculate t(-4).
180
Let p(a) = -2*a**3 - 23*a**2 + 368*a - 12. Give p(9).
-21
Let w(o) = o**3 - 45*o**2 + 405*o + 162. Determine w(13).
19
Let f(k) = 13666*k + 792182. Determine f(-58).
-446
Let k(n) = -363411*n + 39611815. Give k(109).
16
Let t(b) = -b**3 - 18*b**2 + 116*b + 54. Give t(-22).
-562
Let n(u) = 572544*u + 572567. Give n(-1).
23
Let c(r) = 27590*r - 193119. Give c(7).
11
Let r(n) = 24*n**2 - 298*n - 690. What is r(16)?
686
Let k(z) = -1731*z - 155788. Give k(-90).
2
Let j(t) = 6*